termine f(s).
3
Let d = 8 + -4. Let z(r) = 0*r + d*r - 2*r - r. What is z(2)?
2
Let y = 131 + -125. Let c(d) be the second derivative of d**4/12 - 4*d**3/3 + 2*d**2 + d. What is c(y)?
-8
Let t be (-18)/3*(-6)/36. Let f(w) = -8*w**3 + w**2 - w. Give f(t).
-8
Let h(p) = -p**2 - 6 - 1 + 4*p**2 - p + 6. Calculate h(2).
9
Let h = 23 - 29. Let c(l) = -l**3 - 6*l**2 + 4*l + 4. What is c(h)?
-20
Let a(q) = -q + 13. Suppose -3*x - x + 5*n + 31 = 0, 2*x + n - 19 = 0. Let p be a(x). Let g(v) = 0*v + 4*v + 0*v**2 + v**3 + 2 - 3*v**2 - 2*v**2. Give g(p).
2
Suppose 0 = -4*t - 3*a + a + 14, -5*t = -a. Suppose -3*y - 16 = -t. Let q(z) = 2*z + 4. Determine q(y).
-6
Let o(z) = z + 1. Let p(s) = -s + 9. Let f(q) = 3*q - 18. Let c(g) = -4*f(g) - 9*p(g). Let t(v) = c(v) + 4*o(v). Calculate t(4).
-1
Let y(r) = 2*r**3 - 11*r**2 - 5*r - 6. Let a be y(6). Let o(x) = -x + 20. Give o(a).
20
Let q(n) = 20 - 7 - 7 - n**2 - 3*n. Suppose -3 + 2 = -k. Let c be (4 + k)/(-1*1). Calculate q(c).
-4
Let n(j) be the third derivative of 2*j**2 - 1/360*j**6 + 0 - 1/120*j**5 + 0*j**3 + 1/12*j**4 + 0*j. Let w(o) be the second derivative of n(o). Determine w(-2).
3
Let t(k) be the first derivative of 2*k**2 + 2*k - 53. Give t(-6).
-22
Suppose 0 = 5*l - 6 - 4. Let p(m) = -m**3 - l*m**2 + 2 - m**2 + 4*m + 0*m**3. Suppose -8 = -19*a + 21*a. Give p(a).
2
Let f(d) = 43 - 42 + 9*d**3 + 5*d**3 - d**2. Give f(-1).
-14
Let n(s) be the first derivative of 5/2*s**2 + 3*s + 1. Let d be 2/(-6)*(11 + -5). Determine n(d).
-7
Let p(r) = 3*r - 26. Let s be p(8). Let f(n) = 3*n**2 + 2*n. Calculate f(s).
8
Let k(q) = -7*q**3 - 11*q**3 + 26*q**3 - 10*q**3. What is k(1)?
-2
Let u be (-8 - -2)*(-5)/10. Suppose -5*f + 3*c + 3 = 2, 9 = -u*f - 3*c. Let i(g) = 5*g - 3. Let t(a) = 16*a - 10. Let b(y) = 7*i(y) - 2*t(y). Give b(f).
-4
Let c(j) be the second derivative of 0 - 2*j - 1/3*j**3 + 1/2*j**2 + 5/6*j**4. Let l(z) = z**2. Let y(b) = -c(b) + 5*l(b). Calculate y(1).
-4
Let c(m) be the first derivative of -m**6/120 + m**5/60 - 5*m**3/3 + 3*m**2/2 + 1. Let d(f) be the second derivative of c(f). What is d(0)?
-10
Suppose -5*d + 9 = 19. Let k(z) = 8*z + 3. What is k(d)?
-13
Let q(t) = 3*t**2 - 7*t - 9. Let r(y) = -y**2 + 3*y + 5. Let b(s) = -2*q(s) - 5*r(s). Determine b(0).
-7
Let i(v) = 4*v - 2. Let t = 10 - 15. Let c(f) = -f**3 - 7*f**2 - 5*f + 7. Let a be c(t). Let b be (-14)/(-6) - (-6)/a. Calculate i(b).
6
Let z(r) be the third derivative of -r**5/60 + r**4/4 - 7*r**3/6 - 8*r**2. What is z(5)?
-2
Let i(m) = -m + 1. Let z(o) = -o + 1. Let q(u) = 3*i(u) - 2*z(u). What is q(4)?
-3
Let f(p) = -p + 3. Let n = 11 + -7. Suppose 2*h - 15 = m - 5, -2*h = -n*m - 22. Let y be ((-20)/6)/((-2)/h). What is f(y)?
-2
Let z(o) be the first derivative of -3*o - 3/2*o**2 - 5 + 2*o**3 - 1/4*o**4. Give z(5).
7
Let d(i) = i + 7. Suppose 11*w + 27 = 8*w. Let x be d(w). Let o(z) = 7*z + 2. Give o(x).
-12
Let d be 170/(-30) - (-4)/6. Let a = d + 9. Suppose -3*j - 2*w = 2*w + 6, -2*j - a = -4*w. Let p(v) = -3*v**2 - v + 1. Determine p(j).
-9
Let u(p) = -10*p + 5*p - 4 + 4*p. Give u(4).
-8
Let o(z) = z**3 + 3*z**2 - 3*z + 6. Let h be o(-4). Let a(i) be the second derivative of 0 + 1/2*i**3 - 3*i - 5/12*i**4 + 1/20*i**5 + h*i**2. Give a(4).
0
Let s(m) = -3*m**2 - 1 + 2*m**3 - 3*m**3 + 5*m**2. Let x = 17 + -9. Suppose -x = -3*q - q. Determine s(q).
-1
Let s(k) be the first derivative of 7*k**4/4 - k**3/3 - 1. Suppose 0 = 4*y + 6*n - n - 39, 3*y - 2*n = 12. Suppose 4*z - y*z + 2 = 0. Give s(z).
6
Let x be (-3)/(-4) + (-5)/(-4). Let t(v) = 0*v - 8 - x*v + 5*v - 2*v. Let q = -1 + 1. Determine t(q).
-8
Let m(b) = 2*b**2 + 3*b + 2. Suppose w - 4 = -5*a + 3*a, 2*w + 3*a = 5. What is m(w)?
4
Let n(h) be the first derivative of 4*h**2 - 9*h - 4. Let m(u) = -u + 1. Let v(k) = 14*m(k) + 2*n(k). Calculate v(6).
8
Let y(w) = -12*w**3 - w**2 + 3*w + 5. Let f(k) = 6*k**3 - k - 2. Let p(d) = 5*f(d) + 2*y(d). Calculate p(1).
5
Let i(n) = 3*n**3 - 5*n**2 + 8*n - 10. Let d(r) = r**3 + r**2 - 1. Let h(p) = -2*d(p) + i(p). Suppose -40 = 2*y - 7*y - 2*k, 0 = 5*k - 25. Calculate h(y).
4
Let m = -57 - -59. Let b(a) = 3*a**3 - 3*a**2 + 3*a - 3. What is b(m)?
15
Let v(h) = h**3 + 5*h**2 - 5*h + 2. Suppose -3*z = -3*t - 9, -2*t = -0*t + z + 15. Determine v(t).
-4
Let p(n) = 5*n**3 - 2*n**2 - n. Let r(g) = 2*g**2 + 3*g**2 + 4 + g**2 - g**3 + 0*g**3. Let y be r(6). Suppose -3*f = f + y. Determine p(f).
-6
Suppose 0 = -0*b - b - 1. Let v(c) = -4*c**3 - 2*c**2 - c. Calculate v(b).
3
Let q be 18/4*4/6. Let f = 0 + q. Suppose f*z + 4*m + 11 = 0, 3*z + 0*z = 3*m - 18. Let k(l) = -l**3 - 5*l**2 + 2*l + 2. Give k(z).
-8
Let g(t) = -t**3 - 2*t**2 - 3*t + 5. Let r(b) = -b**3 - b**2 - 2*b + 4. Let k(f) = 3*g(f) - 4*r(f). Let q = 6 + -4. Calculate k(q).
-3
Let x be -2 - (3 + -8 + 0). Let w be -4*x*(-1)/3. Let p(o) = -2*o + 1 - 2*o + 8*o - o**2. What is p(w)?
1
Let k(o) = 20 + 4*o - 5*o**2 - 21 - o**2 + o**3. Give k(4).
-17
Let y(r) be the third derivative of r**6/120 + r**5/15 - r**4/8 + 7*r**3/6 + 15*r**2. Calculate y(-5).
-3
Let v(x) = x**2 - 7. Let y be v(0). Let m(k) = -k**2 - 7*k - 6. Give m(y).
-6
Let s(v) = -v**3 - v + 8. Let w(l) = -l**3 + 3*l**2 - 2. Let k be w(2). Suppose r = k*r. Give s(r).
8
Let p(k) = -1 + 3*k + 1 - 2 + 6. Determine p(-3).
-5
Let f(t) = -t. Let z(l) = l + 12. Let h be z(-5). Let x(a) = a**3 - a + 2 - 4 + 6 - h*a**2. Let r be x(7). Calculate f(r).
3
Let w(q) = q**2 + 3*q + 1. Let u = -7 - -11. Suppose 5*o = u*o + 2. Suppose -5*z - 1 + o = 3*m, 0 = 2*m - z + 8. What is w(m)?
1
Let u(g) = -g + 7. Suppose 9*k - 7*k = 0. What is u(k)?
7
Let s(j) = 4*j**2 - 13*j + 4. Let c(g) = g**2 - 4*g + 1. Let u(h) = -7*c(h) + 2*s(h). Determine u(2).
9
Let n(o) = -o**2 + 2*o + 4. Let s = 2 - -1. Suppose 30 = -5*t - 3*b, 6*t - s*t - 3*b - 6 = 0. Determine n(t).
-11
Let m(g) = 5*g - 18*g + 4*g + 8*g. What is m(1)?
-1
Suppose 1 = 2*n + 13. Let d(b) be the third derivative of b**6/120 + 7*b**5/60 + 5*b**4/24 - 4*b**3/3 - 6*b**2. What is d(n)?
-2
Let v(u) = -u**3 + 7*u**2 - 7*u + 2. Suppose 4*t = -20, 0*t - 15 = -5*f - 3*t. Calculate v(f).
-4
Let t = -5 + 0. Let j(s) be the first derivative of s**6/360 + s**5/40 - s**4/4 + 2*s**3/3 + 1. Let p(g) be the third derivative of j(g). Give p(t).
4
Let y(o) = o - 3. Let k be y(6). Suppose 13 + 2 = 5*h, -5*h = -2*a - k. Let w(t) = -t - 1. Give w(a).
-7
Let f(h) = 6*h - 1. Let b be 2/(-4) + 1/(-2). Let g(l) = l - 1. Let i(m) = b*f(m) + 3*g(m). Let x(s) = -s + 7. Let r be x(9). Give i(r).
4
Let o(z) = -z**3 + 2*z**2 - 1. Let i(p) = -3*p**3 + 6*p**2 - 7*p + 5. Let q(l) = -l**3 - 1 + 0 - 3 + 5. Let m(v) = i(v) - 4*q(v). Let r be m(-7). What is o(r)?
0
Let j(l) = 2*l**3 - 2*l + 4*l + 2*l**2 - l + 10*l**3. Suppose 5 = -2*h - 3*h. Calculate j(h).
-11
Suppose q = 5*u - 6, -2*q + 7*q + u = 22. Let f(d) = 5*d - 8. Let h(k) = -4*k + 7. Let v(b) = -3*f(b) - 4*h(b). What is v(q)?
0
Let j(y) = -y**3 + 2*y**2 + 3*y - 3. Let g be (-24)/(-15) + (-4)/(-10). Suppose -m = g*m - 27. Suppose 2*k + 3 - m = 0. Give j(k).
-3
Let m(a) = 11*a + 64. Let n be m(-6). Let j(s) = s**3 + 4*s**2 + 2*s - 2. What is j(n)?
2
Let z(d) be the second derivative of d**5/60 - d**4/24 - 2*d**3/3 - 3*d**2/2 + 5*d. Let c(m) be the first derivative of z(m). Calculate c(3).
2
Let p(m) = m**2 - 4. Let j be p(2). Let w(k) = -k**2 - k + 13. Determine w(j).
13
Let s(r) = -r**2 - 2*r + 2. Let t be s(-2). Let j be 2/((-2)/(-9)*3). Let u(q) = 3 + 4*q**3 + 0*q - 7 + 3*q**t + q - 3*q**j. What is u(-3)?
-7
Suppose 2*z - y = y - 14, -2*z + 10 = 4*y. Let m(f) = f + 9. Suppose 0*d + 30 = 5*d. Let q(c) = c + 10. Let t(p) = d*m(p) - 5*q(p). What is t(z)?
1
Let h(o) = 5. Let p(c) = c - 1. Let w(f) = -h(f) - 6*p(f). Give w(2).
-11
Let i(q) = q**3 + q**2 + q + 4. Let p(n) = -n**3 - 5*n**2 + 2*n + 10. Let c be p(-5). What is i(c)?
4
Let w(q) = -q**2 + 5*q. Let r(b) = b**2 - 5*b. Let t(x) = 4*r(x) + 3*w(x). Let y(d) = -d**3 - 4*d**2 + 6*d + 7. Let p be y(-5). Let h = 2 + p. Calculate t(h).
-4
Let p = -3 + 4. Suppose 5*i = -p + 6. Let y(v) = 2 + 3 - 2*v + i. What is y(4)?
-2
Let a = -32 - -31. Let t(j) = 2*j**2 - 1. Determine t(a).
1
Let u be 11/4 + 1/4. Let p(x) = -u - 3 + 0 - x - 2*x. Give p(-5).
9
Suppose -3*j + 56 + 1 = 0. Suppose -3*k = 5*u + j - 46, -k + 7 = u. Let r(v) = 1 + k + 2*v